.
0
Let i(j) = -j**2 + 7*j - 2. Let a = -155 + 156. Let t(l) = 6*l**2 + 4*l - 4. Let r be t(a). Calculate i(r).
4
Let o(a) = 2*a**3 - 2*a - 2. Let n be (-21)/27 + (-36)/162. Give o(n).
-2
Let g(m) be the second derivative of -1/12*m**4 - 37*m + 2 + 1/2*m**3 + 1/20*m**5 + m**2. Suppose 2*w - 4*x + 20 = 0, -3*w + 2 = x + x. Give g(w).
-16
Suppose -2*z - 3*z = 15. Let s(r) = 0*r**2 - 24 - 3*r**2 - 34536*r + 28 + 34527*r. Calculate s(z).
4
Let i = -15 + 16. Let x(c) = -258*c + 130*c + 10*c**2 + 129*c + i. Calculate x(-1).
10
Let q(n) = -14*n**3 + 37*n**2 + 32*n + 2. Let p(h) = -9*h**3 + 25*h**2 + 21*h + 1. Let k(j) = 8*p(j) - 5*q(j). Suppose 0 = -69*z + 228 + 324. Calculate k(z).
-2
Let t be 3/(-1*1/1). Let m(w) = 15*w**2 - 5*w + 3. Let r(v) = -4*v**2. Suppose 57*c + 2 = -55. Let x(o) = c*m(o) - 4*r(o). Determine x(t).
-9
Let g = 1233 + -1240. Let k(p) = -10*p - 12. Calculate k(g).
58
Let b(l) = 6*l - 44. Suppose -2*v - 9*v + 342 = 27*v. Give b(v).
10
Let f(g) = 4*g**2 - 46*g - 8. Suppose 5*h - 3*u - 90 = -8*u, 0 = 3*h - 2*u - 24. Calculate f(h).
16
Let x be 23*1 - 7446/219. Let s(j) = -j**3 - 10*j**2 + 12*j + 33. Determine s(x).
22
Let c(b) = 13*b - b**3 - 10*b + 20*b**2 - 64 + 7*b**2 - b. Determine c(27).
-10
Suppose x = -5*t + 18, x = -t + 12 + 6. Let d = x + -11. Let j(b) = 9*b + 9. Let f(u) = 11*u + 9. Let h(p) = 5*f(p) - 6*j(p). Determine h(d).
-2
Let n(b) = -9 + 26*b - 32 - 31 + 10*b + 2*b**2 + 38*b. Calculate n(-38).
4
Let d(k) = k**3 + k - 16. Let u = -16 + 18. Suppose 0 = 4*h + 4*s + 16, -u*h + 0*s = -2*s. Let x be 2*h/16 - (-1)/4. Calculate d(x).
-16
Let o be (-3)/(-8) - 1278/(-48). Suppose -5*z - o = -8*z. Let v(g) = -6 + 4*g - 8*g**3 + 8*g**2 - 2*g**2 + z*g**3. What is v(-5)?
-1
Let u(s) = 15*s + 17. Let d(n) = 61*n + 67. Let m(a) = 2*d(a) - 9*u(a). Let h be m(-1). Let x(k) = -k**3 - 7*k**2 - 6*k + 7. What is x(h)?
7
Let z(a) = -135*a - 5002. Let q be z(-37). Let h(w) = w**3 + 5*w**2 - 15*w + 8. Calculate h(q).
15
Let q(v) = 7*v**2 - 15*v + 113. Let k(d) = 12*d**2 - 32*d + 215. Let a(t) = -4*k(t) + 7*q(t). What is a(-24)?
-45
Let n(l) = l + 6. Let f(g) = -g - 8. Let c be f(-14). Suppose -11 = -c*b + 19. Suppose b*q + 18 = -q. Determine n(q).
3
Suppose -9*x = -4*x - 15. Let h(z) = z + 3. Let q be h(x). Let l(n) = -q*n**2 - 1 + 0*n + 4*n**2 + 3*n**2 + 7*n. Calculate l(-7).
-1
Let t(v) = -v**3 - 7*v**2 - 2*v - 10. Let j be t(-7). Suppose -3*q - 3*c = -0*q - 15, 0 = 4*q - c - 5. Let m(r) = 115*r + 2 - 116*r + j - q. Calculate m(3).
1
Let c = -19 - -13. Let g(i) = -i + 4. Let u(j) = -1 - 3 - 13*j + 14*j. Let w(r) = c*u(r) - 5*g(r). Determine w(7).
-3
Let q(z) be the third derivative of -z**5/60 + 5*z**4/12 - 5*z**3/6 + z**2. Suppose -264 + 165 = -11*w. Calculate q(w).
4
Let a = 13 + -10. Let k(w) = 2*w - 80 + 79 - a*w + 4*w. Let i(b) = 13*b - 77. Let o be i(6). What is k(o)?
2
Suppose -3*g = -5*m + 74, g + 7492 - 7404 = 5*m. Let z(l) = -5*l**3 + 12*l**2 - 5*l - 6. Let u(c) = c**3 - c**2 - 1. Let r(y) = 4*u(y) + z(y). Give r(g).
4
Let g be (-2)/((-2)/(1 + 3)) - 1. Let l be (-42)/(4 - -2) + g + -1. Let w(p) be the third derivative of p**5/60 + 5*p**4/24 + 7*p**3/6 - p**2. Calculate w(l).
7
Suppose 0 = -218*z + 228*z + 800. Let v = z - -84. Let l(g) = g**3 - 3*g**2 - 3*g - 1. What is l(v)?
3
Let s(m) = -m**2 + 11*m - 6. Let t = 3264 + -3303. Let n = 17 + -67. Let i = t - n. Determine s(i).
-6
Let y(i) = -i**3 + 2*i**2 + 3*i + 2. Let f = -17 + 22. Suppose 2*d = f*t - 112, -5*d = -0*d - 20. Suppose 0 = -3*r + 2*z + z + t, -2*r + z = -11. Give y(r).
2
Let h be 2/(((-8)/(-6))/2). Let o(x) = 8*x - 33*x**2 - x - 2*x - 2*x + 32*x**2. Calculate o(h).
0
Let c(h) be the third derivative of -h**6/30 + 2*h**5/15 + h**3/6 - 585*h**2 + 1. What is c(2)?
1
Let f(g) = -30208*g**3 - 3 - 8*g**2 - 11*g + 60416*g**3 - 30209*g**3. Calculate f(-5).
-23
Let n(h) = h**3 + 13*h**2 + 24*h + 25. Let w be n(-11). Let y(b) = 3*b + 2. What is y(w)?
11
Let k(f) = 4*f**2 + 2*f - 1. Let w(b) = 6*b**2 - 5*b - 1. Let z(n) = 6*n**2 - 7*n - 1. Let m(i) = -5*w(i) + 4*z(i). Let a(c) = -7*k(c) - 5*m(c). What is a(2)?
12
Let m(j) = 6*j**3 - 32*j**2 + 46*j - 23. Let w(g) = -2*g**3 + 11*g**2 - 16*g + 8. Let r(b) = -6*m(b) - 17*w(b). Suppose 2*y + y - 6 = 0. Determine r(y).
-2
Let m be (3 - 5)*3/(-2). Let d(k) = k**2 + 6*k**3 - 1 + 0*k + 3*k**m - k - k**3. Calculate d(-1).
-7
Let w(a) be the second derivative of a**4/12 + 19*a**3/6 + 35*a**2/2 - 1563*a. Calculate w(-17).
1
Suppose 87*s - 143 = 1597. Let b(p) = -11*p + 226. Calculate b(s).
6
Suppose 0*l - 5*l + p + 25 = 0, -2*l + p + 10 = 0. Suppose -5*f + 9 = -1. Let n(m) = 34*m**f + 4 - 70*m**2 + 35*m**2 + 3*m. Give n(l).
-6
Suppose 6*t + 810 = 12*t. Suppose 0 = -104*w + 107*w - t. Let a = -42 + w. Let o(j) = j**2 - 3*j + 4. What is o(a)?
4
Let s(n) = -25898*n**2 - 42*n**3 + 25922*n**2 - 18 + 27*n + 43*n**3. What is s(-23)?
-110
Let v(y) = -y**2 - 2*y - 1. Let m be (-2*26)/((-3)/6). Let s = m - 106. What is v(s)?
-1
Let f(b) = -b**2 + b + 5. Let u = -10 - -4. Let m(h) = -3*h**2 - 9*h - 2. Let d be m(u). Let q = -52 - d. Determine f(q).
-7
Let p(q) = -1250474*q**3 + 1250473*q**3 - 14 + 6*q + 7 + 5*q**2. Let n = -13 + 19. Calculate p(n).
-7
Let g(c) be the first derivative of -c**3/3 + 3*c**2/2 + 102*c + 318. Calculate g(-9).
-6
Let a(j) = 6*j + 15. Let v(t) = -35*t - 52. Let q(y) = 4*a(y) + v(y). Determine q(0).
8
Let a(n) = 37*n**3 + 19*n**2 + 47*n**3 + 6*n - 1 - 4*n - 44*n**2 + 23*n**2. Determine a(1).
83
Let b(p) = 11*p - 3 - p**2 + 2 + 9. Let m = -177059 - -177072. Calculate b(m).
-18
Suppose -260 = 23*p - 43*p. Let n(o) = -o**3 + 14*o**2 - 11*o - 16. Calculate n(p).
10
Let i(u) = 22*u**3 - 54*u**2 + 66*u - 120. Let t(d) = 7*d**3 - 18*d**2 + 20*d - 40. Let x(r) = -6*i(r) + 19*t(r). Give x(19).
17
Let y(s) = -2*s**3 + 5*s + 1. Suppose 2*p - 3 = 7*p + 7. Determine y(p).
7
Suppose -63*z = -10*z + 51*z - 728. Let i(p) = 14*p - 94. Calculate i(z).
4
Suppose 208*c = 207*c - 4*j - 27, 4*c - 3*j + 13 = 0. Let h(g) = g + 3 - 4*g - 4. What is h(c)?
20
Let w(a) = 0*a**2 - 10046*a + a**2 + 10065*a + 8 + 6. Calculate w(-14).
-56
Suppose 0 = -4*b - 0*b + 44. Let y be (b/(-22))/(2/16). Let l(q) = -q**2 + 2*q + 2. Calculate l(y).
-22
Let t(l) = -6*l**2 - 55*l + 27 + 17*l**2 - 10*l**2 + 84*l. Give t(-26).
-51
Let f(t) be the first derivative of -30 + 0*t + 1/2*t**2. Let w = 6 + -5. What is f(w)?
1
Let k(n) = -n**2 + 37*n - 163. Suppose 175*v - 179*v = 2*y - 84, -5*v + 153 = 4*y. Determine k(y).
-3
Let x(z) = -5*z**3 - 5*z**2 + 3*z + 10. Let f(s) = -9*s**3 - 9*s**2 + 5*s + 19. Suppose 10 = n + 3. Let d(u) = n*x(u) - 4*f(u). What is d(0)?
-6
Suppose 32*a = 113 + 79. Let o(g) be the first derivative of -g**2 + 8*g + 4. Give o(a).
-4
Let b(i) = -i**3 - 6*i**2 + 3*i + 2. Let d = -1294 + 1289. What is b(d)?
-38
Let r(n) = -n**2 - 26*n + 38. Let m(y) = 3*y**2 + 46*y - 77. Let v(i) = 3*m(i) + 7*r(i). Determine v(21).
-7
Suppose -34*n + 42 = -128. Let m = 4 + -2. Let b(l) = 6*l - 5 - 2*l**m + 1 + 1 + l**2. Calculate b(n).
2
Let t(v) = -v**3 - 2*v**2 + 21*v - 2. Let s be t(-6). Let c(m) = -m**3 + 16*m**2 - 2*m + 33. Let y be c(s). Let z(x) = 10*x**3 - 2*x**2 + 1. Determine z(y).
9
Let z be 24*2 + -3 + 0. Let i = 117 - z. Suppose -19*o - i = -27*o. Let a(d) = d**3 - 8*d**2 - 8*d - 5. Calculate a(o).
4
Let p(t) be the first derivative of -t**4/4 + t**2/2 - 10*t + 2. Suppose -6*s + 91 = 919. Let k = -138 - s. What is p(k)?
-10
Let a(v) be the first derivative of 2*v**3/3 - 8*v**2 - 24*v - 7961. Give a(10).
16
Let u(n) = -n**3 - 7*n**2 - 6*n. Let r be 364/(-6) + (-4)/(-6). Suppose -267*k + 3244 = -70*k - 7788. Let h = r + k. Determine u(h).
-24
Let b(v) be the third derivative of v**5/20 - 11*v**4/24 + v**3/2 - 4*v**2. Let u = -81 - -85. Let h be b(u). Let l(r) = r**2 - 6*r + 6. Calculate l(h).
13
Suppose 2*t = -3*i - 2, i = -i - 4*t - 4. Suppose 2*s - w + 4 + 9 = i, -3*s - 2*w - 16 = 0. Let o(j) = 4*j + 1. What is o(s)?
-23
Suppose 18*i + 90 = -0*i. Let x be 3 + (-5)/i*-1. Let h(w) = 2*w**3 - 4*w**2 + w + 4. Give h(x).
6
Let r(f) = f**2 - 4*f - 408. Let u(q) = q**3 - 21*q**2 + 71*q + 166. Let k be u(16). Calculate r(k).
-12
Let q = -96 + 85. Let b be (q/22)/(3/(-18)). Let a(g) = -6*g - 10*g - b + 25*g. Calculate a(2).
15
Suppose 0*a + 8 = 4*a. Suppose -u + 